 digit of m?
3
Suppose 3*h = h. Suppose 5*c - 3*c = h. Suppose t = 4*r - 0*t - 11, r + t + 1 = c. What is the units digit of r?
2
Suppose 0 = -5*c - 15. Let w be ((-1)/1)/(c/(-6)). Let y = w + 5. What is the units digit of y?
3
Suppose 2*s = 3*r + 73, 4*r + 39 = s + 5*r. Let b = s - 25. What is the units digit of b?
3
Suppose 5*s - t - 15 = -4*t, 2*s - 3*t - 6 = 0. Suppose -5*y = g - 17, -y = -4*g + s*g - 7. What is the units digit of y?
4
Suppose -y + 52 = -5*y. Let d = -8 - y. What is the units digit of d?
5
Suppose 5*i - 81 = 84. What is the units digit of i?
3
Let x(f) = f + 176. What is the tens digit of x(0)?
7
Suppose 0 = -3*o - 3*p + 15, 16 = -0*o + 3*o + 4*p. Suppose -6*g = -o - 326. What is the units digit of g?
5
Suppose -2*v + 5*u = -2, -2 = -2*v - 4*u - 0. Let p(t) = 12*t - 1. What is the tens digit of p(v)?
1
Suppose 0 = 5*c - 2*c - 417. What is the units digit of c?
9
Let c = -1 + 3. Suppose 5*z + c = 7. What is the units digit of z?
1
Suppose -3*v + 4*v - 5 = 0. Let i = v + -4. What is the units digit of -3*(-4 - (-2 - i))?
3
Suppose -5*u = -0*u + 35. Let v = u + 13. Let q(n) = n. What is the units digit of q(v)?
6
Let q = 40 - 10. What is the units digit of q?
0
Let l(c) = 3*c + 6*c**2 + 3*c - 7*c**2. Let s(o) = 5*o - 1. Let z be s(1). What is the units digit of l(z)?
8
What is the tens digit of ((-4)/(-5))/((-18)/(-4905))?
1
Suppose 4*s = -2*s + 642. What is the hundreds digit of s?
1
Let n = 24 - 10. What is the tens digit of n?
1
Let a = -4 + 4. Suppose -4*r - 9 + 41 = a. Suppose -u = -5*u + r. What is the units digit of u?
2
What is the units digit of 1*(1 - 4 - -7)?
4
Let w = 41 + -12. What is the units digit of w?
9
Suppose 0 = -5*u - 13 - 7. Let m(b) = -b + 3*b - 3*b. What is the units digit of m(u)?
4
Let g be 1/(-2) - 14/(-4). Suppose n = 9 - g. Suppose -12 - n = -3*w. What is the units digit of w?
6
Let u be 1*(2 - 0) + 16. What is the units digit of (-3)/18 + 21/u?
1
Let j = 54 - -25. What is the tens digit of j?
7
Suppose 5*v = 16 - 1. Suppose 2*z - v*n = -n + 12, -5*n + 18 = z. What is the units digit of z?
8
Let p = -104 - -113. What is the units digit of p?
9
Suppose o = p - 4 + 5, 2*o - 32 = -4*p. Let n be (6/9)/(o/9). What is the units digit of (-2)/1 - (-6)/n?
4
Let k(q) = q**3 - 3*q**2 - 4*q + 2. Let m be k(4). Let y(z) = -4 + 9 - z**m + 3*z - 2*z. What is the units digit of y(0)?
5
Let b(h) = h**2 + 5*h + 1. Suppose -2*y + 4*y - 4*n = -10, 0 = 4*y + n - 16. Suppose d - 2*l = -y*d - 24, -3*d + l = 17. What is the units digit of b(d)?
1
Let n(o) = -o**2 + 3*o + 3. Let k be n(4). What is the units digit of k + 2 + 16/2?
9
Let h(f) be the second derivative of f**4/6 + 2*f**3/3 - 7*f**2/2 + 2*f. Let p(w) = w**2 - w. Let u(m) = -h(m) + p(m). What is the units digit of u(-6)?
1
Let o = -27 + 47. What is the units digit of o?
0
Suppose 5*h + 5*f = 8*f + 220, 3*f - 156 = -3*h. What is the units digit of h?
7
Suppose 4*j + 31 - 167 = -4*z, 4*j = 2*z + 124. What is the tens digit of j?
3
Let k(d) = -2*d - 11. Let u be k(-8). Suppose -20 = -u*b + 15. What is the units digit of b?
7
Let s = 12 - 7. Suppose 2*j = 3*j - 5*q - 8, 0 = s*j + 4*q - 11. What is the units digit of j?
3
Suppose -2*v = 4 + 10. Let c(z) = z**2 + 7*z - 4. Let q be c(v). Let a(k) = -k**3 - 5*k**2 - 5*k + 4. What is the units digit of a(q)?
8
Suppose 12*h - 112 = 10*h. What is the tens digit of h?
5
Let d = 177 - 10. What is the units digit of d?
7
Let x(t) = -t**3 - t**2 + 3*t - 4. Let f be x(-3). Let c(y) = y**3 + 10*y**2 + 9*y. Let d be c(-9). Let b = d + f. What is the units digit of b?
5
Let h(u) = -u**2 - 23*u - 22. Let l be h(-17). Let i = l + -43. What is the tens digit of i?
3
Let g = -52 + 84. What is the units digit of g?
2
Let j be (-2)/(-3) + (-136)/(-12). Suppose -2*f = 2*f - j. What is the units digit of f?
3
Suppose 0 = -2*h - h + 6. Suppose v - 5*l = 18, h*v + 3*l - 5 = 5. What is the units digit of v?
8
Let t = -157 + 225. What is the units digit of (1 + t)*(-3)/(-9)?
3
Let k(j) = -j**2 + 5*j - 3. Let s be k(2). Suppose 0 = -s*b - 0*b + 51. What is the tens digit of b?
1
Let z = -11 - -6. Let c = z - -4. What is the units digit of 2 + 12 + c + -2?
1
Suppose 0*p - 2*p = 4*o - 10, 2*o + 3*p = 7. Let r be o/(-3) - 26/(-3). Suppose y - 2*u = -u + 2, -y = -3*u + r. What is the units digit of y?
7
Let i = -71 - -153. What is the tens digit of i?
8
Suppose 5*v - 5*g - 16 = -1, g - 1 = 0. Suppose -4*w = -v - 44. What is the tens digit of w?
1
Let j(b) = b**2 + 2*b + 20. What is the units digit of j(8)?
0
Let m = 17 - -36. What is the tens digit of m?
5
Let j = 6 - 2. Suppose 0 = -5*w + 5*o + 55, 3*o - 21 = -7*w + j*w. What is the units digit of (w/(-6) + 2)*8?
4
Let p(q) = 0*q + 0*q - 8*q**2 + 2 + q**3. Let l be p(8). Suppose 2*j = -2*o, -l*o - 2*o = -3*j + 7. What is the units digit of j?
1
Let l(c) = 2*c**2 - 2*c - 1. Let w be l(2). Suppose 0*p = -5*p. Suppose p = w*y - 50 + 2. What is the units digit of y?
6
Suppose -4*r = -22 + 6. What is the units digit of r?
4
Suppose -2*p = -7*p + 30. Suppose t - p = -2. Suppose -t*r + 8 = -5*s, 0 = -2*r + 4*r - 5*s + 6. What is the units digit of r?
7
Let u(g) = -13*g**2 + g - 1. Let y be u(1). What is the units digit of 2/(-5)*(y - 2)?
6
Let y be -3 + (6/2 - 9). What is the units digit of (-38)/(-3) + (-3)/y?
3
Let p = -2 + 0. Let k(s) = -s**3 + 2*s**2 - 3*s - 3. What is the units digit of k(p)?
9
Let m(a) = a**3 - 7*a**2. Let g be m(7). Suppose 0 = -5*y - 5, y = 5*c + 2*y - 29. What is the units digit of (g - 3)/(c/(-4))?
2
Suppose -2*y = 4, 4*i + 4*y - 48 = 8*y. What is the units digit of (-6)/i - (-266)/10?
6
Suppose 0 = o + 2*p - 25, 0 = -0*o + o + 5*p - 40. Suppose 4*n - 47 + o = 0. What is the units digit of n?
8
Let h(a) = -5*a + 3. Let d(r) = -4*r + 2. Let s(k) = -6*d(k) + 5*h(k). What is the units digit of s(-4)?
7
Suppose 3*v - 5*t - 188 = 0, 246 = -2*v + 6*v - 2*t. Let j = -17 + v. What is the units digit of j?
4
Let r be 14/(-2) + (-16)/(-8). Let y(c) = -c**2 - 8*c. What is the units digit of y(r)?
5
Let b(i) = i + 13. Let m be -5*(2 - (-16)/(-4)). What is the units digit of b(m)?
3
Let j(g) = g**2 + 22*g + 3. What is the hundreds digit of j(5)?
1
Let x = 26 - -57. Suppose 3*n + 23 = x. What is the tens digit of n?
2
Let d = -4 + 6. Let q be (-10)/5*(-1)/d. Suppose -4 = 3*x - f + 3*f, f = -3*x + q. What is the units digit of x?
2
Let z(i) = i**2 + 8*i + 12. Let u be z(-8). Suppose 4*q = u + 8. Suppose -6*t + q = -t. What is the units digit of t?
1
Let z = 63 + -39. Let g be (z/(-10))/(2/(-50)). Suppose -8*s + 3*s = -g. What is the units digit of s?
2
Suppose -2*j = -28 - 398. What is the tens digit of j?
1
Let i be (46/(-6))/((-1)/3). Let n = i + -14. Suppose -3*m + 4*g = -13, 0*m + 4*m - n = -3*g. What is the units digit of m?
3
Let g(s) = 3*s**3 + s**2 + s + 10. Let f = -5 - -3. Let n(h) = 4*h**3 + h**2 + h + 10. Let y(k) = f*n(k) + 3*g(k). What is the tens digit of y(0)?
1
Suppose 4*o + 18 = 4*k - 10, 4*o + 34 = 5*k. Let d(u) = 0*u - u + 3*u + 3. What is the units digit of d(k)?
5
Let y = 59 + 373. What is the hundreds digit of y?
4
What is the tens digit of 1 - (-11)/(11/36)?
3
Suppose -2*n - 3*n = 65. Let d = n + 29. What is the tens digit of d?
1
Let o(t) = 14*t**3 + 14*t**2 - 3*t + 56. Let p(x) = -5*x**3 - 5*x**2 + x - 19. Let u(g) = 6*o(g) + 17*p(g). What is the tens digit of u(0)?
1
Let o = 226 + -81. What is the hundreds digit of o?
1
Let z(v) = -2*v + 4. Let w be z(-8). Suppose -2*u = -4*u + w. What is the units digit of u?
0
Suppose -2*y - 8 = g, -5*y + 5*g + 0 = 5. What is the units digit of (-30)/12*(y + 1)?
5
Suppose w = 2*w + 3*r - 43, -3*w + 117 = 5*r. What is the units digit of w?
4
Let v = -9 - -25. What is the tens digit of v?
1
Let b = -259 + 478. What is the units digit of b?
9
What is the tens digit of (3 - (8 + -1))*-10?
4
Let m(w) = 4*w + 5. What is the tens digit of m(5)?
2
Suppose -5*c - 59 = 1. What is the tens digit of (-17)/(-3)*c/(-4)?
1
Let l(h) = 6*h + 17. Let f(d) = -d + 1. Let w(p) = -2*f(p) - l(p). What is the tens digit of w(-13)?
3
Suppose -2*k = 1 - 9, -5*f = 5*k - 15. Let y = f - -43. Let t = -27 + y. What is the tens digit of t?
1
Let p be 200/14 - 4/14. What is the units digit of p + 2 + (2 - 4)?
4
Let c(y) = -2*y**3 - 8*y**2 + 5*y + 13. Wh